What is the tens digit of s?
6
Suppose -30005 = -9*i + 9460 - 3888. What is the tens digit of i?
5
Let x = -71 + 38. Let z = 54 + x. Let j = z - -9. What is the units digit of j?
0
What is the units digit of 56385 - (48/40)/(12/(-100))?
5
Let n(t) = -6*t**2 - 9*t + 6. Let g(x) = -12*x**2 - 19*x + 12. Let o(v) = 2*g(v) - 5*n(v). Let d be o(8). Suppose -4*h - 3*h = -d. What is the tens digit of h?
6
Let l = 5353 + -2914. What is the tens digit of l?
3
Let u(i) = -40*i - 227. Let s be u(-10). Let b = s + 1115. What is the tens digit of b?
8
Let k(p) = -p**3 - 19*p**2 - 32*p - 27. Let u be k(-24). Suppose 5*g = -2*l + 6*l - u, 3*l + 4*g - 2677 = 0. What is the units digit of l?
9
Suppose 156*n = 33*n + 428956 + 2957849. What is the ten thousands digit of n?
2
Suppose 0 = -2*a + 2*z + 14, -3*a + z + 17 - 4 = 0. Suppose -a*r - 1 = -19. Let s(v) = 8*v + 16. What is the tens digit of s(r)?
6
Suppose c - 12 = 3*s - 5, -13 = -2*c + 5*s. Suppose -c*t + 265 = -3*t + n, -5*t - 4*n + 1322 = 0. Let p = t + -119. What is the units digit of p?
3
Suppose -56493 = -35*r - 3748. What is the units digit of r?
7
Let b(j) = -3*j**3 + 14*j**2 + 16*j - 31. What is the tens digit of b(-8)?
7
Let j(h) = h**3 - 22*h**2 - 94*h + 152. What is the units digit of j(26)?
2
Let d = 28848 - 16405. What is the thousands digit of d?
2
Let o(t) = -987*t + 119. What is the hundreds digit of o(-5)?
0
Suppose 17*h = 19*h - 2. What is the hundreds digit of (-2)/(h + ((-638)/634)/1)?
3
Suppose -2*q + 54319 = 4*t - 12335, -83318 = -5*t - 3*q. What is the tens digit of t?
6
Let n(u) = 687*u**2 + 269*u + 1530. What is the ten thousands digit of n(-6)?
2
Let w(v) = -809*v - 12. Let k be w(-2). Suppose 10*m - 8*m = -5*l + k, 332 = l - 5*m. What is the tens digit of (5 + l)/(-3)*-2?
1
Suppose 6*t + 13251 = 5*u + 3*t, -7*u - t + 18567 = 0. What is the thousands digit of u?
2
Let f = 20 - -9. Let u = f + -22. Let y(h) = 7*h - 10. What is the tens digit of y(u)?
3
Let b = -96 + 472. Let m be 1/((-1)/1) - -548. Let y = m - b. What is the hundreds digit of y?
1
Let k be (0 + ((-26)/(-10) - 2))*35. Suppose 5*o = -1 + k. What is the units digit of 6*(39/18 + o/(-6))?
9
Let g(d) = -8*d**3 - 7*d**2 + 51*d + 703. What is the units digit of g(-20)?
3
Let x(g) = -3*g**3 - 23*g**2 + 16*g + 456. What is the thousands digit of x(-18)?
0
Let x(q) = -919*q. Let m be x(-1). Let d = m + -493. What is the tens digit of d?
2
Let c(p) = -21*p**2 - 71*p - 30. Let y be c(-49). What is the tens digit of 1 + y/(-60) + (-16)/(-120)?
8
Suppose -112*k = -76*k - 259607 - 1030921. What is the tens digit of k?
4
Let s(p) = p**3 - 2*p**2 - 3*p - 2. Let d be s(3). Let l(z) = -z**2 - 2*z - 1. Let g be l(d). What is the tens digit of (153/27)/(g/(-18))?
0
Let k be (-317)/(-11) + (-36)/(-198). Let f = 515 - 275. Suppose k*s + f = 34*s. What is the tens digit of s?
4
Let v(z) = -58*z + 45. Let u be v(4). Let i = u - -373. What is the tens digit of i?
8
Suppose 2*q - 15 = 5*v + 3*q, 0 = -4*v - 5*q - 33. Let k be (-1*v/(-2))/((-2)/878). Let p = k - 258. What is the units digit of p?
1
Let y = 78994 + -34463. What is the tens digit of y?
3
Let b = 259 - 258. What is the tens digit of 1099 + 120/(-12) + b*-5?
8
Let z(n) = -27*n + 12. Let c be z(-4). Suppose 12*l = 20*l + c. What is the units digit of 204 + 5/(l/9)?
1
Suppose 25 = 2*o + 3*o. Suppose -o*f - 4*y - 1542 = 0, -3*f + y - 609 = -f. Let z = -189 - f. What is the hundreds digit of z?
1
Let b(g) = 2*g**3 - 21*g**2 + 11*g - 56. What is the hundreds digit of b(11)?
1
Let b(r) = 2*r**2 - 8*r - 56. Let v be b(-4). Suppose -2*p - 1698 = -4*o, -3*o + v*p - 4*p = -1276. What is the units digit of o?
4
Suppose -z = -8*z - 1526. Suppose -5*w = -2*h + 638, -h - 3*w - 103 + 422 = 0. Let c = z + h. What is the hundreds digit of c?
1
Let v = 14723 - 7614. What is the hundreds digit of v?
1
Let u(z) = -2*z + 26. Suppose -31 + 7 = -2*a. Let m be u(a). Suppose -m*r - 3*l + 37 = 0, -2*r + 4*r = -l + 27. What is the units digit of r?
1
Let u = 3675 + -1724. What is the hundreds digit of u?
9
Suppose -4*m - 2*t + 3 = -13, t + 4 = 4*m. Let w be 132/8 + (-1)/2. Suppose -3*i = -2*f - w, 0*f - 3*f = m*i - 28. What is the units digit of i?
8
Suppose 17*o + 1200 = 14*o. What is the tens digit of o*(-1)/2*(-14)/(-4)?
0
Let b(p) = 82*p**2 - 25*p - 292. What is the units digit of b(-8)?
6
Let y be (-102)/27 - (14/(-18) + 1). Let q(c) = -16*c + 2. Let n be q(y). Let d = n + 34. What is the units digit of d?
0
Let s = -44621 + 69465. What is the thousands digit of s?
4
Let o(n) = -7*n**2 - 17*n + 17. Let u(p) = 8*p**2 + 18*p - 18. Let t(d) = -7*o(d) - 6*u(d). Let z be t(-12). What is the units digit of (67*z/4)/(25/100)?
7
Suppose -10*g + 16*g - 30 = 0. Suppose -f + 302 = c + c, -c = g*f - 1555. What is the tens digit of f?
1
Let b be 10 - (-2 - 20/5). Suppose -25*t + b*t + 4041 = 0. What is the tens digit of t?
4
Let z(i) = 2*i**3 - 5*i**2 + 8*i - 4. Let h be 2/(-4)*(2 + -10). Let s = -1 + h. What is the units digit of z(s)?
9
Let c(z) = -47*z - 491. What is the tens digit of c(-30)?
1
Suppose -2*y + 4*i - 7*i = -13929, -5*y + 3*i + 34875 = 0. Suppose 9*m = 2*m + y. What is the hundreds digit of m?
9
What is the thousands digit of (7844/(-530))/((-2)/2985*3)?
7
Suppose -2*a + 10 = 0, -3*f - 2*a + 10 = -12. Suppose 0 = v + 6*k - 9*k - 260, 253 = v + f*k. What is the tens digit of v?
5
What is the tens digit of (-8 + 500/60)/((-358395)/179199 - -2)?
1
Let h(x) = 6*x**2 + 239*x - 6824. What is the thousands digit of h(-129)?
2
Suppose -8*i = 47*i - 9*i - 226964. What is the hundreds digit of i?
9
Suppose 10*k + 1116 = k. What is the tens digit of (-17205)/k - (-3)/(-4)?
3
Let c(s) = 378*s**3 - 4*s**2 - 12*s - 98. What is the thousands digit of c(6)?
1
Let o(t) = -t**3 + t**2 + 7*t + 12. Let a be o(-2). Suppose a*p + 6*p = 800. What is the units digit of p?
0
Let m = 7169 - 14687. Let s = m + 3579. What is the hundreds digit of (-3)/2 + 1 - s/26?
1
Suppose -7*x - 3*j = -8*x - 4, -5*j = -5*x. What is the hundreds digit of ((-9)/((-9)/148))/(x/8)?
5
What is the thousands digit of ((-738)/(-12) + -12)/(3/546)?
9
Suppose -3*m + 3*j = -18095 - 7549, 4*m + 4*j = 34224. What is the hundreds digit of m?
5
Let w be 279*5/45*(2 - -4). Suppose w*c - 189*c + 1803 = 0. What is the units digit of c?
1
Suppose -4*j = -2*b + 6, 3*j - 2*b + 5*b - 9 = 0. Suppose j*i + 203 = 4*r + 5*i, 5*i = 5*r - 265. Suppose -60 - r = -8*c. What is the units digit of c?
4
Let q be 172/(-20) - 32/80. Let c(m) = -6*m**2 - 77*m - 28. Let t(x) = 2*x**2 + 26*x + 9. Let z(l) = 6*c(l) + 17*t(l). What is the units digit of z(q)?
3
Let n be 11/88 + (-686)/(-16). Suppose 4*b + 5*i = n, b - 13 = 2*i - i. What is the tens digit of ((-11)/2)/(b/(-264))?
2
Suppose -4*t + 42620 = 4*l, -l + 5305 = -5*t - 5368. What is the thousands digit of l?
0
Suppose 0*j + 8390 = 2*j. Let k be (-6)/8 + j/20. Suppose 2*x = -o + 87, -4*x + 7*o - 2*o + k = 0. What is the tens digit of x?
4
Let x(z) = 4*z**3 - 29*z**2 + 688*z. What is the thousands digit of x(17)?
2
Let u(w) = 2*w + 15. Let v be u(-7). Let h(j) = 513*j + 15. What is the tens digit of h(v)?
2
Let x = 45 - -80. Let q = x - -171. Let h = q + -154. What is the hundreds digit of h?
1
Let o = -7 - -21. Let x = o + -35. Let q = x + 47. What is the units digit of q?
6
Let z be 118/4 - 9/6. Let l(v) = v**2 - 8*v - 150. Let s be l(18). Suppose -s*x + z*x = -448. What is the tens digit of x?
2
Let m = 20341 - 10036. What is the ten thousands digit of m?
1
Let r(v) = -308*v + 59. Let x(s) = 103*s - 20. Let m(n) = 4*r(n) + 11*x(n). What is the units digit of m(-4)?
2
Suppose 0 = -4*s - 4*q + 5*q + 796, -998 = -5*s + 2*q. What is the tens digit of (-5 + 39)*s/12?
6
Let y = 40 + -34. Let s(l) = -7*l**3 + 12*l**3 + 9*l**2 - y*l**3 - 5*l. What is the tens digit of s(4)?
6
Suppose 1 + 29 = 6*x. Let i = 33 - x. Suppose 0 = 2*f - i. What is the units digit of f?
4
Suppose 11816 = 3*s - t, -4*s - 2*t + 7466 + 8282 = 0. What is the thousands digit of s?
3
Let x(u) = u**3 - 15*u**2 + 27*u - 14. Let s(b) = 3*b**3 - 29*b**2 + 55*b - 27. Let i(g) = -2*s(g) + 5*x(g). What is the hundreds digit of i(-19)?
2
Let i(g) = 5*g**2 - 5*g - 6. Let a be i(-2). Suppose h - a = 51. What is the units digit of h?
5
Let d = 75 + -63. Suppose 13